{"id":7,"date":"2025-08-24T16:46:55","date_gmt":"2025-08-24T08:46:55","guid":{"rendered":"https:\/\/www.dd8ii.com\/?page_id=7"},"modified":"2026-03-25T23:00:10","modified_gmt":"2026-03-25T16:00:10","slug":"%e9%a6%96%e9%a1%b5","status":"publish","type":"page","link":"https:\/\/www.dd8ii.com\/","title":{"rendered":"\u9996\u9875"},"content":{"rendered":"\n<div class=\"wp-block-cover alignfull\" style=\"margin-top:0px;margin-bottom:0px;min-height:500px;aspect-ratio:unset;\"><span aria-hidden=\"true\" class=\"wp-block-cover__background has-background-dim-100 has-background-dim has-background-gradient has-midnight-gradient-background\"><\/span><div class=\"wp-block-cover__inner-container is-layout-constrained wp-container-core-cover-is-layout-e84e4599 wp-block-cover-is-layout-constrained\">\n<div class=\"wp-block-group alignwide is-layout-constrained wp-container-core-group-is-layout-57c1633a wp-block-group-is-layout-constrained\" style=\"border-style:none;border-width:0px;min-height:300px;padding-right:50px;padding-left:50px\">\n<div class=\"wp-block-media-text alignwide has-media-on-the-right is-stacked-on-mobile is-vertically-aligned-center\"><div class=\"wp-block-media-text__content\">\n<h2 class=\"wp-block-heading has-text-align-left has-white-color has-text-color\">GI\u1edaI THI\u1ec6U V\u1ec0 88i<\/h2>\n\n\n\n<p class=\"has-white-color has-text-color\">88i l\u00e0 m\u1ed9t trong nh\u1eefng nh\u00e0 c\u00e1i c\u00e1 c\u01b0\u1ee3c x\u1ed5 s\u1ed1 tr\u1ef1c tuy\u1ebfn l\u1edbn nh\u1ea5t \u1edf vi\u1ec7t nam, cung c\u1ea5p cho b\u1ea1n d\u1ecbch v\u1ee5 mua v\u00e0 ph\u00e2n t\u00edch v\u00e9 s\u1ed1 thu\u1eadn ti\u1ec7n.<\/p>\n\n\n\n<div class=\"wp-block-buttons is-horizontal is-content-justification-left is-layout-flex wp-container-core-buttons-is-layout-a86bb09c wp-block-buttons-is-layout-flex\">\n<div class=\"wp-block-button\"><a class=\"wp-block-button__link wp-element-button\" href=\"https:\/\/www.fun6668.com\/Affiliate\/station.aspx?affiliate=414269&amp;media=3780_0&amp;lng=vi\">Tham gia ngay<\/a><\/div>\n\n\n\n<div class=\"wp-block-button is-style-outline is-style-outline--1\"><a class=\"wp-block-button__link has-text-align-center wp-element-button\" href=\"https:\/\/www.fun6668.com\/Affiliate\/station.aspx?affiliate=414269&amp;media=3780_0&amp;lng=vi\">Th\u01b0\u1edfng kh\u1ee7ng<\/a><\/div>\n<\/div>\n<\/div><figure class=\"wp-block-media-text__media\"><a href=\"https:\/\/www.fun6668.com\/Affiliate\/station.aspx?affiliate=414269&amp;media=3780_0&amp;lng=vi\"><img loading=\"lazy\" decoding=\"async\" width=\"800\" height=\"474\" src=\"https:\/\/www.dd8ii.com\/wp-content\/uploads\/2025\/08\/banca.png\" alt=\"dd8i.com\" class=\"wp-image-33 size-full\" srcset=\"https:\/\/www.dd8ii.com\/wp-content\/uploads\/2025\/08\/banca.png 800w, https:\/\/www.dd8ii.com\/wp-content\/uploads\/2025\/08\/banca-300x178.png 300w, https:\/\/www.dd8ii.com\/wp-content\/uploads\/2025\/08\/banca-768x455.png 768w\" sizes=\"auto, (max-width: 800px) 100vw, 800px\" \/><\/a><\/figure><\/div>\n<\/div>\n<\/div><\/div>\n\n\n\n<div class=\"wp-block-group alignfull has-ast-global-color-5-background-color has-background is-layout-constrained wp-container-core-group-is-layout-f1fba5f4 wp-block-group-is-layout-constrained\" style=\"margin-top:0px;margin-bottom:0px;padding-top:50px;padding-right:0px;padding-bottom:50px;padding-left:0px\">\n<div class=\"wp-block-group alignwide is-vertical is-content-justification-center is-layout-flex wp-container-core-group-is-layout-311b114b wp-block-group-is-layout-flex\" style=\"margin-top:30px;margin-bottom:30px;padding-right:30px;padding-left:30px\">\n<div class=\"wp-block-columns alignwide are-vertically-aligned-top is-layout-flex wp-container-core-columns-is-layout-70acdbb3 wp-block-columns-is-layout-flex\" style=\"padding-right:0px;padding-left:0px\">\n<div class=\"wp-block-column is-vertically-aligned-top is-layout-flow wp-container-core-column-is-layout-6b73ce23 wp-block-column-is-layout-flow\">\n<figure class=\"wp-block-image size-large is-resized\"><a href=\"https:\/\/www.fun6668.com\/Affiliate\/station.aspx?affiliate=414269&amp;media=3780_0&amp;lng=vi\"><img decoding=\"async\" src=\"http:\/\/www.dd8ii.com\/wp-content\/themes\/astra\/inc\/assets\/images\/starter-content\/01-xoso.svg\" alt=\"\" style=\"width:70px\"\/><\/a><\/figure>\n\n\n\n<h3 class=\"wp-block-heading has-text-align-left\" style=\"margin-top:16px\">X\u1ed5 s\u1ed1<\/h3>\n\n\n\n<p class=\"has-text-align-left\">M\u1ed9t v\u00e9, m\u1ed9t c\u01a1 h\u1ed9i, v\u00e0 c\u1ea3 m\u1ed9t t\u01b0\u01a1ng lai s\u00e1ng l\u1ea1n \u0111ang ch\u1edd \u0111\u00f3n b\u1ea1n!<\/p>\n<\/div>\n\n\n\n<div class=\"wp-block-column is-vertically-aligned-top is-layout-flow wp-container-core-column-is-layout-6b73ce23 wp-block-column-is-layout-flow\">\n<figure class=\"wp-block-image size-large is-resized\"><a href=\"https:\/\/www.fun6668.com\/Affiliate\/station.aspx?affiliate=414269&amp;media=3780_0&amp;lng=vi\"><img decoding=\"async\" src=\"http:\/\/www.dd8ii.com\/wp-content\/themes\/astra\/inc\/assets\/images\/starter-content\/02-casino.svg\" alt=\"\" style=\"width:70px\"\/><\/a><\/figure>\n\n\n\n<h3 class=\"wp-block-heading has-text-align-left\" style=\"margin-top:16px\">Casino<\/h3>\n\n\n\n<p class=\"has-text-align-left\">N\u01a1i th\u1eed th\u00e1ch may m\u1eafn v\u00e0 chi\u1ebfn th\u1eafng l\u1edbn \u0111ang ch\u1edd \u0111\u00f3n b\u1ea1n!<\/p>\n<\/div>\n\n\n\n<div class=\"wp-block-column is-vertically-aligned-top is-layout-flow wp-container-core-column-is-layout-6b73ce23 wp-block-column-is-layout-flow\">\n<figure class=\"wp-block-image size-large is-resized\"><a href=\"https:\/\/www.fun6668.com\/Affiliate\/station.aspx?affiliate=414269&amp;media=3780_0&amp;lng=vi\"><img decoding=\"async\" src=\"http:\/\/www.dd8ii.com\/wp-content\/themes\/astra\/inc\/assets\/images\/starter-content\/03-nohu.svg\" alt=\"\" style=\"width:70px\"\/><\/a><\/figure>\n\n\n\n<h3 class=\"wp-block-heading has-text-align-left\" style=\"margin-top:16px\">N\u1ed5 h\u0169<\/h3>\n\n\n\n<p class=\"has-text-align-left\">C\u01a1 h\u1ed9i tr\u00fang l\u1edbn, ch\u1ec9 m\u1ed9t l\u1ea7n ch\u01a1i l\u00e0 c\u00f3 th\u1ec3 thay \u0111\u1ed5i cu\u1ed9c \u0111\u1eddi!<\/p>\n<\/div>\n\n\n\n<div class=\"wp-block-column is-vertically-aligned-top is-layout-flow wp-container-core-column-is-layout-6b73ce23 wp-block-column-is-layout-flow\">\n<figure class=\"wp-block-image size-large is-resized\"><a href=\"https:\/\/www.fun6668.com\/Affiliate\/station.aspx?affiliate=414269&amp;media=3780_0&amp;lng=vi\"><img decoding=\"async\" src=\"http:\/\/www.dd8ii.com\/wp-content\/themes\/astra\/inc\/assets\/images\/starter-content\/04-luckwin.svg\" alt=\"\" style=\"width:70px\"\/><\/a><\/figure>\n\n\n\n<h3 class=\"wp-block-heading has-text-align-left\" style=\"margin-top:16px\">Luckywin<\/h3>\n\n\n\n<p class=\"has-text-align-left\">Ch\u01a1i ngay, nh\u1eadn ngay may m\u1eafn v\u00e0 nh\u1eefng ph\u1ea7n th\u01b0\u1edfng h\u1ea5p d\u1eabn!<\/p>\n<\/div>\n<\/div>\n<\/div>\n<\/div>\n\n\n\n<div class=\"wp-block-group alignfull is-layout-constrained wp-container-core-group-is-layout-daae7355 wp-block-group-is-layout-constrained\" style=\"margin-top:50px;margin-bottom:50px;padding-top:0px;padding-right:0px;padding-bottom:0px;padding-left:0px\">\n<h2 class=\"wp-block-heading has-text-align-center\" style=\"margin-top:60px;margin-bottom:60px\"><mark style=\"background-color:rgba(0, 0, 0, 0);color:#fcb900\" class=\"has-inline-color\">D\u1ecbch V\u1ee5<\/mark> C\u1ee7a Ch\u00fang T\u00f4i<\/h2>\n\n\n\n<div class=\"wp-block-group alignwide is-vertical is-content-justification-center is-layout-flex wp-container-core-group-is-layout-ce155fab wp-block-group-is-layout-flex\">\n<div class=\"wp-block-columns alignwide are-vertically-aligned-top is-layout-flex wp-container-core-columns-is-layout-51f6e2d3 wp-block-columns-is-layout-flex\" style=\"margin-top:0px;margin-bottom:0px;padding-right:30px;padding-left:30px\">\n<div class=\"wp-block-column is-vertically-aligned-top is-layout-flow wp-container-core-column-is-layout-fe0e2ea3 wp-block-column-is-layout-flow\" style=\"flex-basis:400px\">\n<figure class=\"wp-block-image size-large\"><a href=\"https:\/\/www.fun6668.com\/Affiliate\/station.aspx?affiliate=414269&amp;media=3780_0&amp;lng=vi\"><img decoding=\"async\" src=\"http:\/\/www.dd8ii.com\/wp-content\/themes\/astra\/inc\/assets\/images\/starter-content\/B01-uudai.png\" alt=\"\"\/><\/a><\/figure>\n\n\n\n<h3 class=\"wp-block-heading\" style=\"margin-top:16px\">\u01afu \u0110\u00e3i H\u1ea5p D\u1eabn Nh\u1ea5t<\/h3>\n\n\n\n<p>C\u01b0\u1ee3c L\u1edbn &#8211; Gi\u1ea3i Th\u01b0\u1edfng Kh\u1ee7ng<br>\u0110\u0103ng K\u00fd Ngay H\u00f4m Nay! C\u01a1 H\u1ed9i Thu Nh\u1eadp Cao Ch\u1edd B\u1ea1n!<\/p>\n<\/div>\n\n\n\n<div class=\"wp-block-column is-vertically-aligned-top is-layout-flow wp-container-core-column-is-layout-fe0e2ea3 wp-block-column-is-layout-flow\" style=\"flex-basis:400px\">\n<figure class=\"wp-block-image size-large\"><a href=\"https:\/\/www.fun6668.com\/Affiliate\/station.aspx?affiliate=414269&amp;media=3780_0&amp;lng=vi\"><img decoding=\"async\" src=\"http:\/\/www.dd8ii.com\/wp-content\/themes\/astra\/inc\/assets\/images\/starter-content\/B02-hoantien.png\" alt=\"\"\/><\/a><\/figure>\n\n\n\n<h3 class=\"wp-block-heading\" style=\"margin-top:16px\">Ho\u00e0n Ti\u1ec1n Cao Nh\u1ea5t<\/h3>\n\n\n\n<p>N\u1ea1p Ti\u1ec1n H\u1eb1ng Ng\u00e0y, Nh\u1eadn Ngay 3% Ho\u00e0n L\u1ea1i, L\u1ea5y Th\u00eam Ph\u1ea7n Th\u01b0\u1edfng G\u1ea5p \u0110\u00f4i!<\/p>\n<\/div>\n\n\n\n<div class=\"wp-block-column is-vertically-aligned-top is-layout-flow wp-container-core-column-is-layout-fe0e2ea3 wp-block-column-is-layout-flow\" style=\"flex-basis:400px\">\n<figure class=\"wp-block-image size-large\"><a href=\"https:\/\/www.fun6668.com\/Affiliate\/station.aspx?affiliate=414269&amp;media=3780_0&amp;lng=vi\"><img decoding=\"async\" src=\"http:\/\/www.dd8ii.com\/wp-content\/themes\/astra\/inc\/assets\/images\/starter-content\/B03-baove.png\" alt=\"\"\/><\/a><\/figure>\n\n\n\n<h3 class=\"wp-block-heading\" style=\"margin-top:16px\">B\u1ea3o V\u1ec7 T\u1ed1i \u0110a<\/h3>\n\n\n\n<p>Cam k\u1ebft b\u1ea3o v\u1ec7 tuy\u1ec7t \u0111\u1ed1i, an to\u00e0n cho m\u1ecdi c\u01b0\u1ee3c c\u1ee7a b\u1ea1n!<\/p>\n<\/div>\n<\/div>\n<\/div>\n<\/div>\n\n\n\n<div class=\"wp-block-group alignfull has-ast-global-color-5-background-color has-background is-layout-constrained wp-block-group-is-layout-constrained\" style=\"padding-top:143px;padding-bottom:144px\">\n<div class=\"wp-block-media-text alignwide has-media-on-the-right is-stacked-on-mobile is-vertically-aligned-center\"><div class=\"wp-block-media-text__content\">\n<div class=\"inherit-container-width wp-block-group is-layout-constrained wp-container-core-group-is-layout-21c06ece wp-block-group-is-layout-constrained\" style=\"padding-right:0px\">\n<h2 class=\"wp-block-heading\" style=\"padding-right:40px\">V\u1ec1 <mark style=\"background-color:rgba(0, 0, 0, 0);color:#fcb900\" class=\"has-inline-color\">Ch\u00fang T\u00f4i<\/mark><\/h2>\n\n\n\n<p>Trong th\u1ecb tr\u01b0\u1eddng game \u0111\u1ea7y c\u1ea1nh tranh, <strong>88i<\/strong> lu\u00f4n l\u00e0 l\u1ef1a ch\u1ecdn h\u00e0ng \u0111\u1ea7u c\u1ee7a ng\u01b0\u1eddi ch\u01a1i, kh\u00f4ng ch\u1ec9 b\u1edfi c\u00e1c s\u1ea3n ph\u1ea9m gi\u1ea3i tr\u00ed \u0111a d\u1ea1ng, h\u1ea5p d\u1eabn m\u00e0 c\u00f2n nh\u1edd v\u00e0o d\u1ecbch v\u1ee5 chuy\u00ean nghi\u1ec7p v\u00e0 ch\u1ea5t l\u01b0\u1ee3ng v\u01b0\u1ee3t tr\u1ed9i. V\u1edbi <strong>uy t\u00edn l\u00e2u n\u0103m<\/strong> v\u00e0 s\u1ef1 t\u00edn nhi\u1ec7m t\u1eeb \u0111\u00f4ng \u0111\u1ea3o ng\u01b0\u1eddi ch\u01a1i, <strong>88i<\/strong> cam k\u1ebft mang \u0111\u1ebfn tr\u1ea3i nghi\u1ec7m ch\u01a1i game tuy\u1ec7t v\u1eddi, an to\u00e0n v\u00e0 ti\u1ec7n l\u1ee3i.<\/p>\n\n\n\n<p>Ch\u00fang t\u00f4i ho\u1ea1t \u0111\u1ed9ng <strong>24\/7<\/strong>, x\u1eed l\u00fd <strong>giao d\u1ecbch n\u1ea1p v\u00e0 r\u00fat ti\u1ec1n<\/strong> nhanh ch\u00f3ng, \u0111\u1ea3m b\u1ea3o s\u1ef1 h\u00e0i l\u00f2ng cho m\u1ed7i kh\u00e1ch h\u00e0ng. \u0110\u1ed9i ng\u0169 nh\u00e2n vi\u00ean \u0111\u01b0\u1ee3c <strong>\u0111\u00e0o t\u1ea1o chuy\u00ean s\u00e2u<\/strong>, lu\u00f4n s\u1eb5n s\u00e0ng h\u1ed7 tr\u1ee3 v\u00e0 gi\u1ea3i \u0111\u00e1p m\u1ecdi th\u1eafc m\u1eafc c\u1ee7a b\u1ea1n v\u1edbi <strong>th\u00e1i \u0111\u1ed9 th\u00e2n thi\u1ec7n<\/strong>, <strong>chuy\u00ean nghi\u1ec7p<\/strong>.<\/p>\n<\/div>\n\n\n\n<div class=\"wp-block-buttons is-content-justification-left is-layout-flex wp-container-core-buttons-is-layout-8991a26d wp-block-buttons-is-layout-flex\" style=\"padding-top:20px\">\n<div class=\"wp-block-button\"><a class=\"wp-block-button__link wp-element-button\" href=\"https:\/\/www.fun6668.com\/Affiliate\/station.aspx?affiliate=414269&amp;media=3780_0&amp;lng=vi\">T\u00ecm Hi\u1ec3u Th\u00eam<\/a><\/div>\n<\/div>\n<\/div><figure class=\"wp-block-media-text__media\"><a href=\"https:\/\/www.fun6668.com\/Affiliate\/station.aspx?affiliate=414269&amp;media=3780_0&amp;lng=vi\"><img loading=\"lazy\" decoding=\"async\" width=\"1024\" height=\"607\" src=\"https:\/\/www.dd8ii.com\/wp-content\/uploads\/2025\/08\/04-vechungtoi-1024x607.png\" alt=\"88i.com\" class=\"wp-image-118 size-full\" srcset=\"https:\/\/www.dd8ii.com\/wp-content\/uploads\/2025\/08\/04-vechungtoi-1024x607.png 1024w, https:\/\/www.dd8ii.com\/wp-content\/uploads\/2025\/08\/04-vechungtoi-300x178.png 300w, https:\/\/www.dd8ii.com\/wp-content\/uploads\/2025\/08\/04-vechungtoi-768x455.png 768w, https:\/\/www.dd8ii.com\/wp-content\/uploads\/2025\/08\/04-vechungtoi.png 1349w\" sizes=\"auto, (max-width: 1024px) 100vw, 1024px\" \/><\/a><\/figure><\/div>\n<\/div>\n\n\n\n<div class=\"wp-block-group alignfull has-background is-layout-flow wp-block-group-is-layout-flow\" style=\"background:linear-gradient(35deg,rgb(6,0,151) 0%,rgb(130,4,255) 64%,rgb(193,15,255) 98%);padding-top:104px;padding-bottom:104px\">\n<h2 class=\"wp-block-heading alignfull has-text-align-center has-text-color\" style=\"color:#ffffff\">B\u1eaft \u0110\u1ea7u H\u00e0nhTr\u00ecnh C\u00f9ng 88i<\/h2>\n\n\n\n<p class=\"has-text-align-center\">\u0110\u0103ng K\u00fd Ngay H\u00f4m Nay v\u00e0 Nh\u1eadn Nh\u1eefng \u01afu \u0110\u00e3i Ch\u00e0o M\u1eebng \u0110\u1eb7c Bi\u1ec7t D\u00e0nh Cho Ng\u01b0\u1eddi Ch\u01a1i M\u1edbi!<\/p>\n\n\n\n<div class=\"wp-block-buttons alignwide is-horizontal is-content-justification-center is-layout-flex wp-container-core-buttons-is-layout-bba8380a wp-block-buttons-is-layout-flex\" style=\"margin-top:50px\">\n<div class=\"wp-block-button\"><a class=\"wp-block-button__link wp-element-button\" href=\"https:\/\/www.fun6668.com\/Affiliate\/station.aspx?affiliate=414269&amp;media=3780_0&amp;lng=vi\">CRIAR CONTA<\/a><\/div>\n<\/div>\n<\/div>\n\n\n\n<p><\/p>\n","protected":false},"excerpt":{"rendered":"<p>X\u1ed5 s\u1ed1 M\u1ed9t v\u00e9, m\u1ed9t c\u01a1 h\u1ed9i, v\u00e0 c\u1ea3 m\u1ed9t t\u01b0\u01a1ng lai s\u00e1ng l\u1ea1n \u0111ang ch\u1edd \u0111\u00f3n b\u1ea1n! Casino N\u01a1i [&hellip;]<\/p>\n","protected":false},"author":1,"featured_media":0,"parent":0,"menu_order":0,"comment_status":"closed","ping_status":"closed","template":"","meta":{"site-sidebar-layout":"no-sidebar","site-content-layout":"plain-container","ast-site-content-layout":"default","site-content-style":"default","site-sidebar-style":"default","ast-global-header-display":"","ast-banner-title-visibility":"","ast-main-header-display":"","ast-hfb-above-header-display":"","ast-hfb-below-header-display":"","ast-hfb-mobile-header-display":"","site-post-title":"disabled","ast-breadcrumbs-content":"","ast-featured-img":"","footer-sml-layout":"","theme-transparent-header-meta":"enabled","adv-header-id-meta":"","stick-header-meta":"","header-above-stick-meta":"","header-main-stick-meta":"","header-below-stick-meta":"","astra-migrate-meta-layouts":"default","ast-page-background-enabled":"default","ast-page-background-meta":{"desktop":{"background-color":"var(--ast-global-color-5)","background-image":"","background-repeat":"repeat","background-position":"center center","background-size":"auto","background-attachment":"scroll","background-type":"","background-media":"","overlay-type":"","overlay-color":"","overlay-opacity":"","overlay-gradient":""},"tablet":{"background-color":"","background-image":"","background-repeat":"repeat","background-position":"center center","background-size":"auto","background-attachment":"scroll","background-type":"","background-media":"","overlay-type":"","overlay-color":"","overlay-opacity":"","overlay-gradient":""},"mobile":{"background-color":"","background-image":"","background-repeat":"repeat","background-position":"center center","background-size":"auto","background-attachment":"scroll","background-type":"","background-media":"","overlay-type":"","overlay-color":"","overlay-opacity":"","overlay-gradient":""}},"ast-content-background-meta":{"desktop":{"background-color":"var(--ast-global-color-4)","background-image":"","background-repeat":"repeat","background-position":"center center","background-size":"auto","background-attachment":"scroll","background-type":"","background-media":"","overlay-type":"","overlay-color":"","overlay-opacity":"","overlay-gradient":""},"tablet":{"background-color":"var(--ast-global-color-4)","background-image":"","background-repeat":"repeat","background-position":"center center","background-size":"auto","background-attachment":"scroll","background-type":"","background-media":"","overlay-type":"","overlay-color":"","overlay-opacity":"","overlay-gradient":""},"mobile":{"background-color":"var(--ast-global-color-4)","background-image":"","background-repeat":"repeat","background-position":"center center","background-size":"auto","background-attachment":"scroll","background-type":"","background-media":"","overlay-type":"","overlay-color":"","overlay-opacity":"","overlay-gradient":""}},"footnotes":""},"class_list":["post-7","page","type-page","status-publish","hentry"],"_links":{"self":[{"href":"https:\/\/www.dd8ii.com\/index.php\/wp-json\/wp\/v2\/pages\/7","targetHints":{"allow":["GET"]}}],"collection":[{"href":"https:\/\/www.dd8ii.com\/index.php\/wp-json\/wp\/v2\/pages"}],"about":[{"href":"https:\/\/www.dd8ii.com\/index.php\/wp-json\/wp\/v2\/types\/page"}],"author":[{"embeddable":true,"href":"https:\/\/www.dd8ii.com\/index.php\/wp-json\/wp\/v2\/users\/1"}],"replies":[{"embeddable":true,"href":"https:\/\/www.dd8ii.com\/index.php\/wp-json\/wp\/v2\/comments?post=7"}],"version-history":[{"count":63,"href":"https:\/\/www.dd8ii.com\/index.php\/wp-json\/wp\/v2\/pages\/7\/revisions"}],"predecessor-version":[{"id":136,"href":"https:\/\/www.dd8ii.com\/index.php\/wp-json\/wp\/v2\/pages\/7\/revisions\/136"}],"wp:attachment":[{"href":"https:\/\/www.dd8ii.com\/index.php\/wp-json\/wp\/v2\/media?parent=7"}],"curies":[{"name":"wp","href":"https:\/\/api.w.org\/{rel}","templated":true}]}}